{"id":5049,"date":"2025-01-25T15:26:33","date_gmt":"2025-01-25T14:26:33","guid":{"rendered":"https:\/\/gramywpolski.com\/?post_type=product&#038;p=5049"},"modified":"2025-09-06T13:38:21","modified_gmt":"2025-09-06T11:38:21","slug":"notatki-maturalne-2025","status":"publish","type":"product","link":"https:\/\/gramywpolski.com\/?product=notatki-maturalne-2025","title":{"rendered":"Notatki maturalne 2026"},"content":{"rendered":"<p>Przygotuj si\u0119 do matury w 2026 roku z naszym kompletnym zestawem notatek! Znajdziesz tu najwa\u017cniejsze informacje z ka\u017cdej lektury obowi\u0105zkowej, om\u00f3wienia kluczowych zagadnie\u0144 i poj\u0119\u0107 oraz praktyczne wskaz\u00f3wki, jak efektywnie uczy\u0107 si\u0119 z nasz\u0105 pomoc\u0105. Materia\u0142 przygotowany z my\u015bl\u0105 o maturzystach, kt\u00f3rzy chc\u0105 solidnie powt\u00f3rzy\u0107 ca\u0142o\u015b\u0107 materia\u0142u w uporz\u0105dkowanej i przyst\u0119pnej formie. Dzi\u0119ki naszym notatkom nauka stanie si\u0119 szybsza i bardziej efektywna!<\/p>\n","protected":false},"excerpt":{"rendered":"<p>Co znajdziesz w notatkach?<\/p>\n<ul>\n<li>opracowania epok literackich<\/li>\n<li>wyja\u015bnienie najwa\u017cniejszych hase\u0142 i poj\u0119\u0107<\/li>\n<li>streszczenia lektur obowi\u0105zkowych<\/li>\n<li>charakterystyki bohater\u00f3w<\/li>\n<li>motywy literackie<\/li>\n<li>om\u00f3wienie istotnych wierszy<\/li>\n<li>\u017cyciorysy autor\u00f3w<\/li>\n<li>chronologicznie uporz\u0105dkowan\u0105 wiedz\u0119<\/li>\n<\/ul>\n","protected":false},"featured_media":5282,"template":"","meta":[],"product_brand":[],"product_cat":[39],"product_tag":[52,48,50,51,49],"class_list":{"0":"post-5049","1":"product","2":"type-product","3":"status-publish","4":"has-post-thumbnail","6":"product_cat-ebook","7":"product_tag-lektury","8":"product_tag-matura","9":"product_tag-matura2025","10":"product_tag-maturapodstawowa","11":"product_tag-notatki","13":"first","14":"instock","15":"downloadable","16":"virtual","17":"purchasable","18":"product-type-simple"},"jetpack_sharing_enabled":true,"_links":{"self":[{"href":"https:\/\/gramywpolski.com\/index.php?rest_route=\/wp\/v2\/product\/5049","targetHints":{"allow":["GET"]}}],"collection":[{"href":"https:\/\/gramywpolski.com\/index.php?rest_route=\/wp\/v2\/product"}],"about":[{"href":"https:\/\/gramywpolski.com\/index.php?rest_route=\/wp\/v2\/types\/product"}],"wp:featuredmedia":[{"embeddable":true,"href":"https:\/\/gramywpolski.com\/index.php?rest_route=\/wp\/v2\/media\/5282"}],"wp:attachment":[{"href":"https:\/\/gramywpolski.com\/index.php?rest_route=%2Fwp%2Fv2%2Fmedia&parent=5049"}],"wp:term":[{"taxonomy":"product_brand","embeddable":true,"href":"https:\/\/gramywpolski.com\/index.php?rest_route=%2Fwp%2Fv2%2Fproduct_brand&post=5049"},{"taxonomy":"product_cat","embeddable":true,"href":"https:\/\/gramywpolski.com\/index.php?rest_route=%2Fwp%2Fv2%2Fproduct_cat&post=5049"},{"taxonomy":"product_tag","embeddable":true,"href":"https:\/\/gramywpolski.com\/index.php?rest_route=%2Fwp%2Fv2%2Fproduct_tag&post=5049"}],"curies":[{"name":"wp","href":"https:\/\/api.w.org\/{rel}","templated":true}]}}